{"id":322,"date":"2012-07-03T19:09:40","date_gmt":"2012-07-03T19:09:40","guid":{"rendered":"http:\/\/www.reinicio.net\/?page_id=322"},"modified":"2015-03-20T23:19:55","modified_gmt":"2015-03-20T21:19:55","slug":"video","status":"publish","type":"page","link":"https:\/\/www.reinicio.net\/index.php\/trabajos\/video\/","title":{"rendered":"V\u00eddeo"},"content":{"rendered":"<p><span style=\"color: #666699;\">Cualquier mensaje aumenta su atracci\u00f3n, se hace m\u00e1s accesible y atrae m\u00e1s atenci\u00f3n en movimiento. Con estos objetivos realizamos v\u00eddeos corporativos y de animaci\u00f3n. Escribimos guiones, dise\u00f1amos escenas y personajes, montamos y editamos a la medida del mensaje que el cliente quiere contar y de su p\u00fablico meta.<\/span><\/p>\n<div class=\"separator\"><\/div>\n<div class=\"webs\">\n<h3>Oxford University Press &#8211; La emoci\u00f3n de aprender<\/h3>\n<p><a href=\"\">\u00a0http:\/\/vimeo.com\/65782144 <\/a><\/p>\n<p class=\"largo\" style=\"text-align: left;\">Oxford University Press nos encarga un v\u00eddeo que presente sus nuevos contenidos de educaci\u00f3n infantil.<br \/>\nLa emoci\u00f3n de aprender es el lema y la idea de una educaci\u00f3n integral basada en valores y en fomentar la creatividad innata de cada ni\u00f1o, sus pilares.<br \/>\nIdeamos esta historia, escribimos su gui\u00f3n, lo grabamos y animamos. Conseguimos que la editorial se emocionara y aplaudiera, en la presentaci\u00f3n.<br \/>\nEl feedback que tanto nosotros como la editorial recogen es entusiasta. Las visitas, en Youtube y Vimeo, no paran de crecer.<\/p>\n<\/div>\n<div class=\"webs\">\n<h3>Oxford University Press &#8211; Making Of de La emoci\u00f3n de aprender<\/h3>\n<p><iframe loading=\"lazy\" title=\"Making of La Emoci\u00f3n de Aprender - Oxford University Press\" src=\"https:\/\/player.vimeo.com\/video\/65774059?dnt=1&amp;app_id=122963\" width=\"500\" height=\"281\" frameborder=\"0\" allow=\"autoplay; fullscreen; picture-in-picture; clipboard-write\"><\/iframe><\/p>\n<p class=\"largo\" style=\"text-align: left;\">Una s\u00edntesis divertida de c\u00f3mo elaboramos el story, dirigimos a los ni\u00f1os en la grabaci\u00f3n y constru\u00edmos el coche.<br \/>\nC\u00f3mo se hizo La Emoci\u00f3n de Aprender:<br \/>\nGui\u00f3n, Story board, direcci\u00f3n y producci\u00f3n: JuanJo Mora<br \/>\nM\u00fasica del v\u00eddeo (no del making of), animaci\u00f3n y edici\u00f3n: Luis Chich\u00f3n Mateo<br \/>\nC\u00e1mara, iluminaci\u00f3n y montaje: Mar\u00eda Larraondo.<\/p>\n<\/div>\n<div class=\"separator\"><\/div>\n<div class=\"webs\">\n<h3>MGN &#8211; Felicitaci\u00f3n A\u00f1o Nuevo<\/h3>\n<p style=\"text-align: center;\"><iframe loading=\"lazy\" title=\"felicitacion MGN 2011\" src=\"https:\/\/player.vimeo.com\/video\/51533830?dnt=1&amp;app_id=122963\" width=\"500\" height=\"375\" frameborder=\"0\" allow=\"autoplay; fullscreen; picture-in-picture; clipboard-write\"><\/iframe><\/p>\n<p class=\"largo\" style=\"text-align: left;\">Para su felicitaci\u00f3n de Navidad y A\u00f1o Nuevo 2012, MGN quiere aproximarse a sus clientes all\u00ed donde est\u00e1n.<br \/>\nCreamos una peque\u00f1a historia apoy\u00e1ndonos en un dictum de Gandhi basado en la idea de Dar para Recibir y donde los protagonistas son todas las personas que integran la empresa.<br \/>\nLo contamos en soporte tradicional: felicitaci\u00f3n por correo y en esta peque\u00f1a animaci\u00f3n. La respuesta de los receptores es un\u00e1nime y entusiasta.<\/p>\n<\/div>\n<div class=\"separator\"><\/div>\n<div class=\"webs\">\n<h3>Daikin &#8211; viral animado<\/h3>\n<p style=\"text-align: center;\"><iframe loading=\"lazy\" title=\"La familia Ag\u00fandez y la Bomba de Calor\" src=\"https:\/\/player.vimeo.com\/video\/36046164?dnt=1&amp;app_id=122963\" width=\"500\" height=\"281\" frameborder=\"0\" allow=\"autoplay; fullscreen; picture-in-picture; clipboard-write\"><\/iframe><\/p>\n<p class=\"largo\" style=\"text-align: left;\">Daikin nos conf\u00eda la realizaci\u00f3n de este v\u00eddeo de animaci\u00f3n para difundir la funcionalidad, ahorro y ventajas comparativas de la Bomba de Calor en relaci\u00f3n a otros sistemas de calefacci\u00f3n.<br \/>\nA partir de su idea, desarrollamos el gui\u00f3n, dise\u00f1amos los personajes y la animaci\u00f3n de la primera \u00abaventura\u00bb de la familia Ag\u00fandez.<\/p>\n<\/div>\n<div class=\"separator\"><\/div>\n","protected":false},"excerpt":{"rendered":"<p>Cualquier mensaje aumenta su atracci\u00f3n, se hace m\u00e1s accesible y atrae m\u00e1s atenci\u00f3n en movimiento. Con estos objetivos realizamos v\u00eddeos corporativos y de animaci\u00f3n. Escribimos guiones, dise\u00f1amos escenas y personajes, montamos y editamos a la medida del mensaje que el cliente quiere contar y de su p\u00fablico meta. Oxford University Press &#8211; La emoci\u00f3n de [&hellip;]<\/p>\n","protected":false},"author":4,"featured_media":0,"parent":16,"menu_order":0,"comment_status":"open","ping_status":"open","template":"una-columna.php","meta":{"_monsterinsights_skip_tracking":false,"_monsterinsights_sitenote_active":false,"_monsterinsights_sitenote_note":"","_monsterinsights_sitenote_category":0,"footnotes":""},"class_list":["post-322","page","type-page","status-publish","hentry"],"_links":{"self":[{"href":"https:\/\/www.reinicio.net\/index.php\/wp-json\/wp\/v2\/pages\/322"}],"collection":[{"href":"https:\/\/www.reinicio.net\/index.php\/wp-json\/wp\/v2\/pages"}],"about":[{"href":"https:\/\/www.reinicio.net\/index.php\/wp-json\/wp\/v2\/types\/page"}],"author":[{"embeddable":true,"href":"https:\/\/www.reinicio.net\/index.php\/wp-json\/wp\/v2\/users\/4"}],"replies":[{"embeddable":true,"href":"https:\/\/www.reinicio.net\/index.php\/wp-json\/wp\/v2\/comments?post=322"}],"version-history":[{"count":18,"href":"https:\/\/www.reinicio.net\/index.php\/wp-json\/wp\/v2\/pages\/322\/revisions"}],"predecessor-version":[{"id":869,"href":"https:\/\/www.reinicio.net\/index.php\/wp-json\/wp\/v2\/pages\/322\/revisions\/869"}],"up":[{"embeddable":true,"href":"https:\/\/www.reinicio.net\/index.php\/wp-json\/wp\/v2\/pages\/16"}],"wp:attachment":[{"href":"https:\/\/www.reinicio.net\/index.php\/wp-json\/wp\/v2\/media?parent=322"}],"curies":[{"name":"wp","href":"https:\/\/api.w.org\/{rel}","templated":true}]}}

Vídeo

<p><span style="color: #666699;">Cualquier mensaje aumenta su atracción, se hace más accesible y atrae más atención en movimiento. Con estos objetivos realizamos vídeos corporativos y de animación. Escribimos guiones, diseñamos escenas y personajes, montamos y editamos a la medida del mensaje que el cliente quiere contar y de su público meta.</span></p>
<div class="separator"></div>
<div class="webs">
<h3>Oxford University Press &#8211; La emoción de aprender</h3>
<p><a href=""> http://vimeo.com/65782144 </a></p>
<p class="largo" style="text-align: left;">Oxford University Press nos encarga un vídeo que presente sus nuevos contenidos de educación infantil.<br />
La emoción de aprender es el lema y la idea de una educación integral basada en valores y en fomentar la creatividad innata de cada niño, sus pilares.<br />
Ideamos esta historia, escribimos su guión, lo grabamos y animamos. Conseguimos que la editorial se emocionara y aplaudiera, en la presentación.<br />
El feedback que tanto nosotros como la editorial recogen es entusiasta. Las visitas, en Youtube y Vimeo, no paran de crecer.</p>
</div>
<div class="webs">
<h3>Oxford University Press &#8211; Making Of de La emoción de aprender</h3>
<p><iframe loading="lazy" title="Making of La Emoción de Aprender - Oxford University Press" src="https://player.vimeo.com/video/65774059?dnt=1&amp;app_id=122963" width="500" height="281" frameborder="0" allow="autoplay; fullscreen; picture-in-picture; clipboard-write"></iframe></p>
<p class="largo" style="text-align: left;">Una síntesis divertida de cómo elaboramos el story, dirigimos a los niños en la grabación y construímos el coche.<br />
Cómo se hizo La Emoción de Aprender:<br />
Guión, Story board, dirección y producción: JuanJo Mora<br />
Música del vídeo (no del making of), animación y edición: Luis Chichón Mateo<br />
Cámara, iluminación y montaje: María Larraondo.</p>
</div>
<div class="separator"></div>
<div class="webs">
<h3>MGN &#8211; Felicitación Año Nuevo</h3>
<p style="text-align: center;"><iframe loading="lazy" title="felicitacion MGN 2011" src="https://player.vimeo.com/video/51533830?dnt=1&amp;app_id=122963" width="500" height="375" frameborder="0" allow="autoplay; fullscreen; picture-in-picture; clipboard-write"></iframe></p>
<p class="largo" style="text-align: left;">Para su felicitación de Navidad y Año Nuevo 2012, MGN quiere aproximarse a sus clientes allí donde están.<br />
Creamos una pequeña historia apoyándonos en un dictum de Gandhi basado en la idea de Dar para Recibir y donde los protagonistas son todas las personas que integran la empresa.<br />
Lo contamos en soporte tradicional: felicitación por correo y en esta pequeña animación. La respuesta de los receptores es unánime y entusiasta.</p>
</div>
<div class="separator"></div>
<div class="webs">
<h3>Daikin &#8211; viral animado</h3>
<p style="text-align: center;"><iframe loading="lazy" title="La familia Agúndez y la Bomba de Calor" src="https://player.vimeo.com/video/36046164?dnt=1&amp;app_id=122963" width="500" height="281" frameborder="0" allow="autoplay; fullscreen; picture-in-picture; clipboard-write"></iframe></p>
<p class="largo" style="text-align: left;">Daikin nos confía la realización de este vídeo de animación para difundir la funcionalidad, ahorro y ventajas comparativas de la Bomba de Calor en relación a otros sistemas de calefacción.<br />
A partir de su idea, desarrollamos el guión, diseñamos los personajes y la animación de la primera «aventura» de la familia Agúndez.</p>
</div>
<div class="separator"></div>

<p>Cualquier mensaje aumenta su atracción, se hace más accesible y atrae más atención en movimiento. Con estos objetivos realizamos vídeos corporativos y de animación. Escribimos guiones, diseñamos escenas y personajes, montamos y editamos a la medida del mensaje que el cliente quiere contar y de su público meta. Oxford University Press &#8211; La emoción de [&hellip;]</p>
