{"id":18,"date":"2012-03-29T18:01:32","date_gmt":"2012-03-29T18:01:32","guid":{"rendered":"http:\/\/reinicio.local\/?page_id=18"},"modified":"2015-03-01T02:02:19","modified_gmt":"2015-03-01T00:02:19","slug":"equipo","status":"publish","type":"page","link":"https:\/\/www.reinicio.net\/index.php\/equipo\/","title":{"rendered":"equipo"},"content":{"rendered":"<div class=\"miembro\"><a href=\"http:\/\/www.linkedin.com\/in\/juanjomora\" target=\"_blank\"><img decoding=\"async\" class=\"alignleft\" alt=\"\" src=\"\/wp-content\/uploads\/2014\/03\/JuanJo2-copia.jpg\" \/><\/a><\/p>\n<h3>Juanjo Mora<\/h3>\n<p>Director creativo, dise\u00f1ador e ilustrador. Especializado en estrategia, identidad y dise\u00f1o de comunicaci\u00f3n, se ocupa de la coordinaci\u00f3n comercial y de equipo en Reinicio. Estudios de Marketing, Fotograf\u00eda, Dise\u00f1o de Moda, Artes Aplicadas y Arte Contempor\u00e1neo. Ha trabajado para diferentes agencias de publicidad, editoriales y para los m\u00e1s variados clientes.<\/p>\n<\/div>\n<div class=\"miembro\"><a href=\"http:\/\/nl.linkedin.com\/in\/stijnvandiemen\" target=\"_blank\"><img decoding=\"async\" class=\"alignleft\" alt=\"\" src=\"\/wp-content\/uploads\/2012\/09\/STIJN.jpg\" \/><\/a><\/p>\n<h3>Stijn Van Diemen<\/h3>\n<p>Consultor senior y manager en identidad y desarrollo corporativo y comunicaci\u00f3n. Es licenciado en filolog\u00eda neerlandesa y filosof\u00eda por la Universidad de \u00c1msterdam. Trabaj\u00f3 como editor y dise\u00f1ador gr\u00e1fico en diferentes instituciones culturales, dirigi\u00f3 la editorial Plano y la filial de Total Identity en La Haya y ha sido profesor en la Universidad Polit\u00e9cnica de \u00c1msterdam.<\/p>\n<\/div>\n<div class=\"miembro\"><a href=\"http:\/\/es.linkedin.com\/pub\/raul-arias\/12\/400\/b73\" target=\"_blank\"><img decoding=\"async\" class=\"alignleft\" alt=\"\" src=\"\/wp-content\/uploads\/equipo\/raul.jpg\" \/><\/a><\/p>\n<h3>Ra\u00fal Arias<\/h3>\n<p>Estudios de animaci\u00f3n e ilustraci\u00f3n en la Escuela Superior de Dibujo de Madrid, en la que, posteriormente, ha ejercido como profesor. A lo largo de su carrera como ilustrador ha publicando habitualmente en los diarios El Pa\u00eds y El Mundo, obteniendo m\u00e1s de 25 premios de la Society of New Designs. Ha producido y dirigido series de animaci\u00f3n, incluidos 26 episodios de su serie: Hotel de Animales, y desarrollado, junto a su equipo, toda clase de proyectos de arquitectura, dise\u00f1o gr\u00e1fico e industrial.<\/p>\n<\/div>\n<div class=\"miembro\"><a href=\"http:\/\/es.linkedin.com\/in\/maicatrinidad\" target=\"_blank\"><img decoding=\"async\" class=\"alignleft\" alt=\"\" src=\"\/wp-content\/uploads\/equipo\/maica.jpg\" \/><\/a><\/p>\n<h3>Maica Trinidad<\/h3>\n<p>Antrop\u00f3loga especializada en investigaci\u00f3n participativa y responsabilidad social corporativa. Formadora especializada en enfoques colaborativos y gesti\u00f3n del conocimiento con metodolog\u00edas no directivas. Innovadora social con gran bagaje en la gesti\u00f3n de proyectos en el sector privado. Experta en organizaci\u00f3n, gesti\u00f3n y comunicaci\u00f3n de capital humano. Apasionada por la aplicaci\u00f3n de sistemas de comunicaci\u00f3n eficientes y por los nuevos canales: redes sociales, e-comercio, teleformaci\u00f3n, etc.<\/p>\n<\/div>\n<div class=\"miembro\"><a href=\"http:\/\/www.behance.net\/chichon\" target=\"_blank\"><img decoding=\"async\" class=\"alignleft\" alt=\"\" src=\"\/wp-content\/uploads\/2013\/09\/luis-reinicio-130x130.jpg\" \/><\/a><\/p>\n<h3>Luis Chich\u00f3n<\/h3>\n<p>Creador multimedia, guionista, ilustrador, pintor y dibujante de c\u00f3mics. Escribe y dirige sus propios cortos y publica habitualmente comics en Estados Unidos.<\/p>\n<\/div>\n<div class=\"miembro\"><a href=\"http:\/\/es.linkedin.com\/pub\/luis-sanchez-alba\/1a\/b70\/b75\" target=\"_blank\"><img decoding=\"async\" class=\"alignleft\" alt=\"\" src=\"\/wp-content\/uploads\/equipo\/luis_sanchez.jpg\" \/><\/a><\/p>\n<h3>Luis S\u00e1nchez Alba<\/h3>\n<p>Fot\u00f3grafo y director de cine. Graduado como cinemat\u00f3grafo en el Art Center College of Design de Pasadera, California. Ha dirigido y producido varios cortos de gui\u00f3n propio y ha participado como director de fotograf\u00eda en diversas producciones, tanto en Espa\u00f1a como en Estados Unidos, explorando los g\u00e9neros de cine narrativo y experimental, videoclips, publicidad y documentales.<\/p>\n<\/div>\n<p><!--div class=\"miembro\"><a href=\"http:\/\/es.linkedin.com\/pub\/julio-llona\/6\/250\/272\" target=\"_blank\"><img decoding=\"async\" class=\"alignleft\" alt=\"\" src=\"\/wp-content\/uploads\/equipo\/julio.jpg\" \/><\/a>\n\n\n<h3>Julio Llona<\/h3>\n\n\nInf\u00f3grafo de arquitectura, desarrolla su actividad en colaboraci\u00f3n con varios arquitectos, en el dise\u00f1o y visualizaci\u00f3n de proyectos, as\u00ed como en la producci\u00f3n para clientes del \u00e1rea inmobiliaria. Ha trabajado en diversos estudios de infograf\u00eda, adem\u00e1s de agencias de publicidad y m\u00e1rketing inmobiliario.\n\n<\/div-->\n<div class=\"miembro\"><a href=\"http:\/\/eduardorubiorincon.blogspot.com.es\/p\/curriculum_07.html\" target=\"_blank\"><img decoding=\"async\" class=\"alignleft\" alt=\"\" src=\"\/wp-content\/uploads\/equipo\/eduardo.jpg\" \/><\/a><\/p>\n<h3>Eduardo Rubio<\/h3>\n<p>Artista visual y dise\u00f1ador, desarrolla su trabajo en impresi\u00f3n digital de gran formato y mural, e ilustraciones y dise\u00f1o, para diversas publicaciones de Espa\u00f1a y M\u00e9xico. Cuenta con m\u00e1s de veinticinco exposiciones colectivas y cinco individuales, tanto en M\u00e9xico y Estados Unidos como en Europa.<\/p>\n<\/div>\n<div class=\"miembro\"><img decoding=\"async\" class=\"alignleft\" alt=\"\" src=\"\/wp-content\/uploads\/equipo\/guillermo.jpg\" \/><\/p>\n<h3>Guillermo Guardamino<\/h3>\n<p>Fot\u00f3grafo de publicidad y moda desde 1989. Estudia en la London Photography School y trabaja, de asistente, con los fot\u00f3grafos David Joid y Michael Wray. Colabora habitualmente con las mejores agencias en campa\u00f1as a nivel internacionaly con numerosas revistas de moda.<\/p>\n<\/div>\n<div class=\"miembro\"><a href=\"http:\/\/es.linkedin.com\/pub\/luis-e-de-tom\u00e1s-olague\/48\/64a\/b64\" target=\"_blank\"><img decoding=\"async\" class=\"alignleft\" alt=\"\" src=\"\/wp-content\/uploads\/equipo\/luis_tomas.jpg\" \/><\/a><\/p>\n<h3>Lu\u00eds de Tom\u00e1s (D.M.)<\/h3>\n<p>Estudios de Filosof\u00eda, Bellas Artes y Dise\u00f1o Gr\u00e1fico. Profesor de Artes pl\u00e1sticas y de Escritura creativa. Ilustrador. Colabora habitualmente con revistas y medios de prensa escrita.<\/p>\n<p>&nbsp;<\/p>\n<\/div>\n<div class=\"miembro\"><a href=\"http:\/\/chicho.org\/\" target=\"_blank\"><img decoding=\"async\" class=\"alignleft\" alt=\"\" src=\"\/wp-content\/uploads\/equipo\/chicho.jpg\" \/><\/a><\/p>\n<h3>Chicho Lorenzo<\/h3>\n<p>Dise\u00f1ador gr\u00e1fico, ilustrador y pintor, tambi\u00e9n se ocupa de la escenograf\u00eda para teatro y la composici\u00f3n musical. Ha trabajado en agencias de publicidad y estudios de dise\u00f1o, especializ\u00e1ndose en el dise\u00f1o de identidad corporativa, carteles publicitarios e ilustraci\u00f3n. Expone su obra habitualmente en Madrid y Nueva York, ciudad en la que reside y desde la que colabora con nosotros.<\/p>\n<\/div>\n<div class=\"miembro\"><img decoding=\"async\" class=\"alignleft\" alt=\"\" src=\"\/wp-content\/uploads\/equipo\/violeta.jpg\" \/><\/p>\n<h3>Violeta Arenas<\/h3>\n<p>Estudios de Bellas Artes. Experta en dise\u00f1o y edici\u00f3n electr\u00f3nica y multimedia. Dedica su trabajo al desarrollo integral de proyectos web, animaci\u00f3n digital e ilustraci\u00f3n. Premio extraordinario del Primer Concurso Urban Art de Playstation II en 2003.<\/p>\n<\/div>\n<div class=\"miembro\"><a href=\"http:\/\/es.linkedin.com\/pub\/domingo-l\u00f3pez-gil\/50\/854\/826\" target=\"_blank\"><img decoding=\"async\" class=\"alignleft\" alt=\"\" src=\"\/wp-content\/uploads\/equipo\/domingo.jpg\" \/><\/a><\/p>\n<h3>Domingo L\u00f3pez Gil<\/h3>\n<p>Especialista en Dise\u00f1o-Maquetaci\u00f3n y Producci\u00f3n editorial. De larga experiencia profesional y formaci\u00f3n espec\u00edfica, ha realizado su trabajo para diferentes editoriales. Se considera una persona din\u00e1mica, comunicativa y responsable, con gran capacidad de trabajo y aprendizaje.<\/p>\n<\/div>\n","protected":false},"excerpt":{"rendered":"<p>Juanjo Mora Director creativo, dise\u00f1ador e ilustrador. Especializado en estrategia, identidad y dise\u00f1o de comunicaci\u00f3n, se ocupa de la coordinaci\u00f3n comercial y de equipo en Reinicio. Estudios de Marketing, Fotograf\u00eda, Dise\u00f1o de Moda, Artes Aplicadas y Arte Contempor\u00e1neo. Ha trabajado para diferentes agencias de publicidad, editoriales y para los m\u00e1s variados clientes. Stijn Van Diemen [&hellip;]<\/p>\n","protected":false},"author":2,"featured_media":0,"parent":0,"menu_order":0,"comment_status":"open","ping_status":"open","template":"una-columna.php","meta":{"_monsterinsights_skip_tracking":false,"_monsterinsights_sitenote_active":false,"_monsterinsights_sitenote_note":"","_monsterinsights_sitenote_category":0,"footnotes":""},"class_list":["post-18","page","type-page","status-publish","hentry"],"_links":{"self":[{"href":"https:\/\/www.reinicio.net\/index.php\/wp-json\/wp\/v2\/pages\/18"}],"collection":[{"href":"https:\/\/www.reinicio.net\/index.php\/wp-json\/wp\/v2\/pages"}],"about":[{"href":"https:\/\/www.reinicio.net\/index.php\/wp-json\/wp\/v2\/types\/page"}],"author":[{"embeddable":true,"href":"https:\/\/www.reinicio.net\/index.php\/wp-json\/wp\/v2\/users\/2"}],"replies":[{"embeddable":true,"href":"https:\/\/www.reinicio.net\/index.php\/wp-json\/wp\/v2\/comments?post=18"}],"version-history":[{"count":29,"href":"https:\/\/www.reinicio.net\/index.php\/wp-json\/wp\/v2\/pages\/18\/revisions"}],"predecessor-version":[{"id":806,"href":"https:\/\/www.reinicio.net\/index.php\/wp-json\/wp\/v2\/pages\/18\/revisions\/806"}],"wp:attachment":[{"href":"https:\/\/www.reinicio.net\/index.php\/wp-json\/wp\/v2\/media?parent=18"}],"curies":[{"name":"wp","href":"https:\/\/api.w.org\/{rel}","templated":true}]}}

<div class="miembro"><a href="http://www.linkedin.com/in/juanjomora" target="_blank"><img decoding="async" class="alignleft" alt="" src="/wp-content/uploads/2014/03/JuanJo2-copia.jpg" /></a></p>
<h3>Juanjo Mora</h3>
<p>Director creativo, diseñador e ilustrador. Especializado en estrategia, identidad y diseño de comunicación, se ocupa de la coordinación comercial y de equipo en Reinicio. Estudios de Marketing, Fotografía, Diseño de Moda, Artes Aplicadas y Arte Contemporáneo. Ha trabajado para diferentes agencias de publicidad, editoriales y para los más variados clientes.</p>
</div>
<div class="miembro"><a href="http://nl.linkedin.com/in/stijnvandiemen" target="_blank"><img decoding="async" class="alignleft" alt="" src="/wp-content/uploads/2012/09/STIJN.jpg" /></a></p>
<h3>Stijn Van Diemen</h3>
<p>Consultor senior y manager en identidad y desarrollo corporativo y comunicación. Es licenciado en filología neerlandesa y filosofía por la Universidad de Ámsterdam. Trabajó como editor y diseñador gráfico en diferentes instituciones culturales, dirigió la editorial Plano y la filial de Total Identity en La Haya y ha sido profesor en la Universidad Politécnica de Ámsterdam.</p>
</div>
<div class="miembro"><a href="http://es.linkedin.com/pub/raul-arias/12/400/b73" target="_blank"><img decoding="async" class="alignleft" alt="" src="/wp-content/uploads/equipo/raul.jpg" /></a></p>
<h3>Raúl Arias</h3>
<p>Estudios de animación e ilustración en la Escuela Superior de Dibujo de Madrid, en la que, posteriormente, ha ejercido como profesor. A lo largo de su carrera como ilustrador ha publicando habitualmente en los diarios El País y El Mundo, obteniendo más de 25 premios de la Society of New Designs. Ha producido y dirigido series de animación, incluidos 26 episodios de su serie: Hotel de Animales, y desarrollado, junto a su equipo, toda clase de proyectos de arquitectura, diseño gráfico e industrial.</p>
</div>
<div class="miembro"><a href="http://es.linkedin.com/in/maicatrinidad" target="_blank"><img decoding="async" class="alignleft" alt="" src="/wp-content/uploads/equipo/maica.jpg" /></a></p>
<h3>Maica Trinidad</h3>
<p>Antropóloga especializada en investigación participativa y responsabilidad social corporativa. Formadora especializada en enfoques colaborativos y gestión del conocimiento con metodologías no directivas. Innovadora social con gran bagaje en la gestión de proyectos en el sector privado. Experta en organización, gestión y comunicación de capital humano. Apasionada por la aplicación de sistemas de comunicación eficientes y por los nuevos canales: redes sociales, e-comercio, teleformación, etc.</p>
</div>
<div class="miembro"><a href="http://www.behance.net/chichon" target="_blank"><img decoding="async" class="alignleft" alt="" src="/wp-content/uploads/2013/09/luis-reinicio-130x130.jpg" /></a></p>
<h3>Luis Chichón</h3>
<p>Creador multimedia, guionista, ilustrador, pintor y dibujante de cómics. Escribe y dirige sus propios cortos y publica habitualmente comics en Estados Unidos.</p>
</div>
<div class="miembro"><a href="http://es.linkedin.com/pub/luis-sanchez-alba/1a/b70/b75" target="_blank"><img decoding="async" class="alignleft" alt="" src="/wp-content/uploads/equipo/luis_sanchez.jpg" /></a></p>
<h3>Luis Sánchez Alba</h3>
<p>Fotógrafo y director de cine. Graduado como cinematógrafo en el Art Center College of Design de Pasadera, California. Ha dirigido y producido varios cortos de guión propio y ha participado como director de fotografía en diversas producciones, tanto en España como en Estados Unidos, explorando los géneros de cine narrativo y experimental, videoclips, publicidad y documentales.</p>
</div>
<p><!--div class="miembro"><a href="http://es.linkedin.com/pub/julio-llona/6/250/272" target="_blank"><img decoding="async" class="alignleft" alt="" src="/wp-content/uploads/equipo/julio.jpg" /></a>


<h3>Julio Llona</h3>


Infógrafo de arquitectura, desarrolla su actividad en colaboración con varios arquitectos, en el diseño y visualización de proyectos, así como en la producción para clientes del área inmobiliaria. Ha trabajado en diversos estudios de infografía, además de agencias de publicidad y márketing inmobiliario.

</div-->
<div class="miembro"><a href="http://eduardorubiorincon.blogspot.com.es/p/curriculum_07.html" target="_blank"><img decoding="async" class="alignleft" alt="" src="/wp-content/uploads/equipo/eduardo.jpg" /></a></p>
<h3>Eduardo Rubio</h3>
<p>Artista visual y diseñador, desarrolla su trabajo en impresión digital de gran formato y mural, e ilustraciones y diseño, para diversas publicaciones de España y México. Cuenta con más de veinticinco exposiciones colectivas y cinco individuales, tanto en México y Estados Unidos como en Europa.</p>
</div>
<div class="miembro"><img decoding="async" class="alignleft" alt="" src="/wp-content/uploads/equipo/guillermo.jpg" /></p>
<h3>Guillermo Guardamino</h3>
<p>Fotógrafo de publicidad y moda desde 1989. Estudia en la London Photography School y trabaja, de asistente, con los fotógrafos David Joid y Michael Wray. Colabora habitualmente con las mejores agencias en campañas a nivel internacionaly con numerosas revistas de moda.</p>
</div>
<div class="miembro"><a href="http://es.linkedin.com/pub/luis-e-de-tomás-olague/48/64a/b64" target="_blank"><img decoding="async" class="alignleft" alt="" src="/wp-content/uploads/equipo/luis_tomas.jpg" /></a></p>
<h3>Luís de Tomás (D.M.)</h3>
<p>Estudios de Filosofía, Bellas Artes y Diseño Gráfico. Profesor de Artes plásticas y de Escritura creativa. Ilustrador. Colabora habitualmente con revistas y medios de prensa escrita.</p>
<p>&nbsp;</p>
</div>
<div class="miembro"><a href="http://chicho.org/" target="_blank"><img decoding="async" class="alignleft" alt="" src="/wp-content/uploads/equipo/chicho.jpg" /></a></p>
<h3>Chicho Lorenzo</h3>
<p>Diseñador gráfico, ilustrador y pintor, también se ocupa de la escenografía para teatro y la composición musical. Ha trabajado en agencias de publicidad y estudios de diseño, especializándose en el diseño de identidad corporativa, carteles publicitarios e ilustración. Expone su obra habitualmente en Madrid y Nueva York, ciudad en la que reside y desde la que colabora con nosotros.</p>
</div>
<div class="miembro"><img decoding="async" class="alignleft" alt="" src="/wp-content/uploads/equipo/violeta.jpg" /></p>
<h3>Violeta Arenas</h3>
<p>Estudios de Bellas Artes. Experta en diseño y edición electrónica y multimedia. Dedica su trabajo al desarrollo integral de proyectos web, animación digital e ilustración. Premio extraordinario del Primer Concurso Urban Art de Playstation II en 2003.</p>
</div>
<div class="miembro"><a href="http://es.linkedin.com/pub/domingo-lópez-gil/50/854/826" target="_blank"><img decoding="async" class="alignleft" alt="" src="/wp-content/uploads/equipo/domingo.jpg" /></a></p>
<h3>Domingo López Gil</h3>
<p>Especialista en Diseño-Maquetación y Producción editorial. De larga experiencia profesional y formación específica, ha realizado su trabajo para diferentes editoriales. Se considera una persona dinámica, comunicativa y responsable, con gran capacidad de trabajo y aprendizaje.</p>
</div>

<p>Juanjo Mora Director creativo, diseñador e ilustrador. Especializado en estrategia, identidad y diseño de comunicación, se ocupa de la coordinación comercial y de equipo en Reinicio. Estudios de Marketing, Fotografía, Diseño de Moda, Artes Aplicadas y Arte Contemporáneo. Ha trabajado para diferentes agencias de publicidad, editoriales y para los más variados clientes. Stijn Van Diemen [&hellip;]</p>
