{"id":154,"date":"2012-04-29T20:01:36","date_gmt":"2012-04-29T20:01:36","guid":{"rendered":"http:\/\/www.reinicio.net\/?page_id=154"},"modified":"2015-03-20T23:26:48","modified_gmt":"2015-03-20T21:26:48","slug":"3d","status":"publish","type":"page","link":"https:\/\/www.reinicio.net\/index.php\/trabajos\/3d\/","title":{"rendered":"Stands"},"content":{"rendered":"<p><span style=\"color: #666699;\">El dise\u00f1o interior engloba todas las disciplinas empleadas para la definici\u00f3n de un espacio; desde la arquitectura y la iluminaci\u00f3n, hasta la imagen corporativa o la se\u00f1al\u00e9tica. En la creaci\u00f3n de interiores, empleamos infograf\u00edas 2D y 3D para definir los elementos que crean un ambiente y controlar el resultado final.<\/span><\/p>\n<div class=\"separator\"><\/div>\n<div class=\"doble\">\n<h3>Amaya Arzuaga<\/h3>\n<p>    <img loading=\"lazy\" decoding=\"async\" src=\"\/wp-content\/uploads\/3d\/02.jpg\" height=\"282\" width=\"360\"> <img loading=\"lazy\" decoding=\"async\" src=\"\/wp-content\/uploads\/3d\/02b.jpg\" height=\"282\" width=\"360\">\n<\/div>\n<div class=\"doble\">\n<h3>Chamart\u00edn Inmobiliaria<\/h3>\n<p>    <img loading=\"lazy\" decoding=\"async\" src=\"\/wp-content\/uploads\/3d\/03.jpg\" height=\"239\" width=\"360\"> <img loading=\"lazy\" decoding=\"async\" src=\"\/wp-content\/uploads\/3d\/03b.jpg\" height=\"239\" width=\"360\"><br \/>\n    <img loading=\"lazy\" decoding=\"async\" src=\"\/wp-content\/uploads\/3d\/03c.jpg\" height=\"239\" width=\"360\"> <img loading=\"lazy\" decoding=\"async\" src=\"\/wp-content\/uploads\/3d\/03d.jpg\" height=\"239\" width=\"360\">\n<\/div>\n<div class=\"separator\">&nbsp;<\/div>\n<div class=\"simple\">\n<h3>Cond\u00e9 Nast<\/h3>\n<p>    <img loading=\"lazy\" decoding=\"async\" src=\"\/wp-content\/uploads\/3d\/04.jpg\" height=\"360\" width=\"360\">\n<\/div>\n<div class=\"simple\">\n<h3>Museo Entomol\u00f3gico<\/h3>\n<p>    <img loading=\"lazy\" decoding=\"async\" src=\"\/wp-content\/uploads\/3d\/07.jpg\" height=\"360\" width=\"360\">\n<\/div>\n<div class=\"separator\">&nbsp;<\/div>\n<div class=\"doble\">\n<h3>Interiorismo<\/h3>\n<p>    <img loading=\"lazy\" decoding=\"async\" src=\"\/wp-content\/uploads\/3d\/06.jpg\" height=\"239\" width=\"360\"> <img loading=\"lazy\" decoding=\"async\" src=\"\/wp-content\/uploads\/3d\/06b.jpg\" height=\"239\" width=\"360\"><br \/>\n    <img loading=\"lazy\" decoding=\"async\" src=\"\/wp-content\/uploads\/3d\/06c.jpg\" height=\"239\" width=\"360\"> <img loading=\"lazy\" decoding=\"async\" src=\"\/wp-content\/uploads\/3d\/06d.jpg\" height=\"239\" width=\"360\"><br \/>\n    <img loading=\"lazy\" decoding=\"async\" src=\"\/wp-content\/uploads\/3d\/06e.jpg\" height=\"239\" width=\"360\"> <img loading=\"lazy\" decoding=\"async\" src=\"\/wp-content\/uploads\/3d\/06f.jpg\" height=\"239\" width=\"360\"><br \/>\n    <img loading=\"lazy\" decoding=\"async\" src=\"\/wp-content\/uploads\/3d\/06g.jpg\" height=\"239\" width=\"360\"> <img loading=\"lazy\" decoding=\"async\" src=\"\/wp-content\/uploads\/3d\/06h.jpg\" height=\"239\" width=\"360\">\n<\/div>\n","protected":false},"excerpt":{"rendered":"<p>El dise\u00f1o interior engloba todas las disciplinas empleadas para la definici\u00f3n de un espacio; desde la arquitectura y la iluminaci\u00f3n, hasta la imagen corporativa o la se\u00f1al\u00e9tica. En la creaci\u00f3n de interiores, empleamos infograf\u00edas 2D y 3D para definir los elementos que crean un ambiente y controlar el resultado final. Amaya Arzuaga Chamart\u00edn Inmobiliaria &nbsp; [&hellip;]<\/p>\n","protected":false},"author":2,"featured_media":0,"parent":16,"menu_order":0,"comment_status":"open","ping_status":"open","template":"una-columna.php","meta":{"_monsterinsights_skip_tracking":false,"_monsterinsights_sitenote_active":false,"_monsterinsights_sitenote_note":"","_monsterinsights_sitenote_category":0,"footnotes":""},"class_list":["post-154","page","type-page","status-publish","hentry"],"_links":{"self":[{"href":"https:\/\/www.reinicio.net\/index.php\/wp-json\/wp\/v2\/pages\/154"}],"collection":[{"href":"https:\/\/www.reinicio.net\/index.php\/wp-json\/wp\/v2\/pages"}],"about":[{"href":"https:\/\/www.reinicio.net\/index.php\/wp-json\/wp\/v2\/types\/page"}],"author":[{"embeddable":true,"href":"https:\/\/www.reinicio.net\/index.php\/wp-json\/wp\/v2\/users\/2"}],"replies":[{"embeddable":true,"href":"https:\/\/www.reinicio.net\/index.php\/wp-json\/wp\/v2\/comments?post=154"}],"version-history":[{"count":11,"href":"https:\/\/www.reinicio.net\/index.php\/wp-json\/wp\/v2\/pages\/154\/revisions"}],"predecessor-version":[{"id":875,"href":"https:\/\/www.reinicio.net\/index.php\/wp-json\/wp\/v2\/pages\/154\/revisions\/875"}],"up":[{"embeddable":true,"href":"https:\/\/www.reinicio.net\/index.php\/wp-json\/wp\/v2\/pages\/16"}],"wp:attachment":[{"href":"https:\/\/www.reinicio.net\/index.php\/wp-json\/wp\/v2\/media?parent=154"}],"curies":[{"name":"wp","href":"https:\/\/api.w.org\/{rel}","templated":true}]}}

<p><span style="color: #666699;">El diseño interior engloba todas las disciplinas empleadas para la definición de un espacio; desde la arquitectura y la iluminación, hasta la imagen corporativa o la señalética. En la creación de interiores, empleamos infografías 2D y 3D para definir los elementos que crean un ambiente y controlar el resultado final.</span></p>
<div class="separator"></div>
<div class="doble">
<h3>Amaya Arzuaga</h3>
<p>    <img loading="lazy" decoding="async" src="/wp-content/uploads/3d/02.jpg" height="282" width="360"> <img loading="lazy" decoding="async" src="/wp-content/uploads/3d/02b.jpg" height="282" width="360">
</div>
<div class="doble">
<h3>Chamartín Inmobiliaria</h3>
<p>    <img loading="lazy" decoding="async" src="/wp-content/uploads/3d/03.jpg" height="239" width="360"> <img loading="lazy" decoding="async" src="/wp-content/uploads/3d/03b.jpg" height="239" width="360"><br />
    <img loading="lazy" decoding="async" src="/wp-content/uploads/3d/03c.jpg" height="239" width="360"> <img loading="lazy" decoding="async" src="/wp-content/uploads/3d/03d.jpg" height="239" width="360">
</div>
<div class="separator">&nbsp;</div>
<div class="simple">
<h3>Condé Nast</h3>
<p>    <img loading="lazy" decoding="async" src="/wp-content/uploads/3d/04.jpg" height="360" width="360">
</div>
<div class="simple">
<h3>Museo Entomológico</h3>
<p>    <img loading="lazy" decoding="async" src="/wp-content/uploads/3d/07.jpg" height="360" width="360">
</div>
<div class="separator">&nbsp;</div>
<div class="doble">
<h3>Interiorismo</h3>
<p>    <img loading="lazy" decoding="async" src="/wp-content/uploads/3d/06.jpg" height="239" width="360"> <img loading="lazy" decoding="async" src="/wp-content/uploads/3d/06b.jpg" height="239" width="360"><br />
    <img loading="lazy" decoding="async" src="/wp-content/uploads/3d/06c.jpg" height="239" width="360"> <img loading="lazy" decoding="async" src="/wp-content/uploads/3d/06d.jpg" height="239" width="360"><br />
    <img loading="lazy" decoding="async" src="/wp-content/uploads/3d/06e.jpg" height="239" width="360"> <img loading="lazy" decoding="async" src="/wp-content/uploads/3d/06f.jpg" height="239" width="360"><br />
    <img loading="lazy" decoding="async" src="/wp-content/uploads/3d/06g.jpg" height="239" width="360"> <img loading="lazy" decoding="async" src="/wp-content/uploads/3d/06h.jpg" height="239" width="360">
</div>

<p>El diseño interior engloba todas las disciplinas empleadas para la definición de un espacio; desde la arquitectura y la iluminación, hasta la imagen corporativa o la señalética. En la creación de interiores, empleamos infografías 2D y 3D para definir los elementos que crean un ambiente y controlar el resultado final. Amaya Arzuaga Chamartín Inmobiliaria &nbsp; [&hellip;]</p>
